{"id":252,"date":"2017-12-02T15:08:49","date_gmt":"2017-12-02T13:08:49","guid":{"rendered":"http:\/\/christianfritsch.biz\/?page_id=252"},"modified":"2017-12-02T15:09:26","modified_gmt":"2017-12-02T13:09:26","slug":"trainings","status":"publish","type":"page","link":"https:\/\/christianfritsch.biz\/?page_id=252","title":{"rendered":"Trainings"},"content":{"rendered":"<p>Gerne unterst\u00fctze ich Sie bei der Konzeption und Durchf\u00fchrung individueller Trainings und Workshops zu den Schwerpunktthemen Entwicklung,  Basistechnologie (insb. \u00dcberblick, Transportwesen, Schnittstellentechnologien, Benutzer und Berechtigungen).<\/p>\n<p>Sprechen Sie mich an!<\/p>\n","protected":false},"excerpt":{"rendered":"<p>Gerne unterst\u00fctze ich Sie bei der Konzeption und Durchf\u00fchrung individueller Trainings und Workshops zu den Schwerpunktthemen Entwicklung, Basistechnologie (insb. \u00dcberblick, Transportwesen, Schnittstellentechnologien, Benutzer und Berechtigungen). Sprechen Sie mich an!<\/p>\n","protected":false},"author":1,"featured_media":0,"parent":37,"menu_order":0,"comment_status":"closed","ping_status":"closed","template":"","meta":{"footnotes":""},"class_list":["post-252","page","type-page","status-publish","hentry"],"_links":{"self":[{"href":"https:\/\/christianfritsch.biz\/index.php?rest_route=\/wp\/v2\/pages\/252","targetHints":{"allow":["GET"]}}],"collection":[{"href":"https:\/\/christianfritsch.biz\/index.php?rest_route=\/wp\/v2\/pages"}],"about":[{"href":"https:\/\/christianfritsch.biz\/index.php?rest_route=\/wp\/v2\/types\/page"}],"author":[{"embeddable":true,"href":"https:\/\/christianfritsch.biz\/index.php?rest_route=\/wp\/v2\/users\/1"}],"replies":[{"embeddable":true,"href":"https:\/\/christianfritsch.biz\/index.php?rest_route=%2Fwp%2Fv2%2Fcomments&post=252"}],"version-history":[{"count":2,"href":"https:\/\/christianfritsch.biz\/index.php?rest_route=\/wp\/v2\/pages\/252\/revisions"}],"predecessor-version":[{"id":257,"href":"https:\/\/christianfritsch.biz\/index.php?rest_route=\/wp\/v2\/pages\/252\/revisions\/257"}],"up":[{"embeddable":true,"href":"https:\/\/christianfritsch.biz\/index.php?rest_route=\/wp\/v2\/pages\/37"}],"wp:attachment":[{"href":"https:\/\/christianfritsch.biz\/index.php?rest_route=%2Fwp%2Fv2%2Fmedia&parent=252"}],"curies":[{"name":"wp","href":"https:\/\/api.w.org\/{rel}","templated":true}]}}